{"id":152,"date":"2021-08-12T16:43:19","date_gmt":"2021-08-12T14:43:19","guid":{"rendered":"https:\/\/www.wi.rwth-aachen.de\/blogs\/learningcommunity\/?page_id=152"},"modified":"2023-07-26T13:43:40","modified_gmt":"2023-07-26T11:43:40","slug":"seite-papp-die-patientenapp","status":"publish","type":"page","link":"https:\/\/www.wi.rwth-aachen.de\/blogs\/learningcommunity\/seite-papp-die-patientenapp\/","title":{"rendered":"PApp &#8211; Die Patientenapp"},"content":{"rendered":"<h3>PApp &#8211; Die Patientenapp<\/h3>\n<div class=\"wp-block-image\">\n<figure class=\"alignright size-large is-resized\"><img decoding=\"async\" class=\"wp-image-700\" src=\"http:\/\/www.wi.rwth-aachen.de\/blogs\/learningcommunity\/wp-content\/uploads\/sites\/15\/2021\/12\/PApp-Logo-2-1024x1024.png\" sizes=\"(max-width: 139px) 100vw, 139px\" srcset=\"https:\/\/www.wi.rwth-aachen.de\/blogs\/learningcommunity\/wp-content\/uploads\/sites\/15\/2021\/12\/PApp-Logo-2-1024x1024.png 1024w, https:\/\/www.wi.rwth-aachen.de\/blogs\/learningcommunity\/wp-content\/uploads\/sites\/15\/2021\/12\/PApp-Logo-2-300x300.png 300w, https:\/\/www.wi.rwth-aachen.de\/blogs\/learningcommunity\/wp-content\/uploads\/sites\/15\/2021\/12\/PApp-Logo-2-150x150.png 150w, https:\/\/www.wi.rwth-aachen.de\/blogs\/learningcommunity\/wp-content\/uploads\/sites\/15\/2021\/12\/PApp-Logo-2-768x768.png 768w, https:\/\/www.wi.rwth-aachen.de\/blogs\/learningcommunity\/wp-content\/uploads\/sites\/15\/2021\/12\/PApp-Logo-2-1536x1536.png 1536w, https:\/\/www.wi.rwth-aachen.de\/blogs\/learningcommunity\/wp-content\/uploads\/sites\/15\/2021\/12\/PApp-Logo-2.png 2000w\" alt=\"\" width=\"139\" height=\"139\"><\/figure>\n<\/div>\n<p>Seit Inkrafttreten des eHealth-Gesetzes Anfang 2016 haben Versicherte, die gleichzeitig mindestens drei verordnete Arzneimittel anwenden, Anspruch auf Erstellung und Aush\u00e4ndigung eines Medikationsplans in Papierform durch einen an der vertrags\u00e4rztlichen Versorgung teilnehmenden Arzt (<a href=\"https:\/\/www.sozialgesetzbuch-sgb.de\/sgbv\/31a.html\" target=\"_blank\" rel=\"noopener\"><u>\u00a7 31a SGB V<\/u><\/a>).<\/p>\n<p>Mit der Vision, Patientinnen und Patienten eine selbstst\u00e4ndige Aktualisierung des bundeseinheitlichen Medikationsplans zu erm\u00f6glichen, hat die Aachener Learning Community im Juli 2016 damit begonnen, eine App zur Interaktion mit dem bundeseinheitlichen Medikationsplan zu entwickeln. So entstand <b>PApp &#8211; Die Patientenapp<\/b>, deren Funktionsumfang in Workshops der Aachener Learning Community laufend besprochen und ggf. erweitert wird. Dar\u00fcber hinaus wird PApp auf der Basis von Nutzerfeedback laufend weiterentwickelt.<\/p>\n\n\n<br>\n<p><\/p><p><b>PApp &#8211; Die Patientenapp<\/b>&nbsp;ist kostenfrei f\u00fcr Android-Ger\u00e4te seit Juli 2019 und f\u00fcr iOS-Ger\u00e4te seit Oktober 2019 verf\u00fcgbar. Hier finden Sie die Links zu den jeweiligen Appstores: \n<\/p><div>\n<a href=\"https:\/\/play.google.com\/store\/apps\/details?id=com.rwthaachen.papp&amp;pli=1\" target=\"_blank\" class=\"u-mobile-ios-hide\" data-gtm-trigger=\"landingpage-hero-store-link\" rel=\"noopener\">\n<img decoding=\"async\" style=\"width: 140px;\" src=\"http:\/\/www.wi.rwth-aachen.de\/blogs\/papp\/wp-content\/uploads\/sites\/13\/2023\/03\/google-play-badge-deutsch.png\" alt=\"Laden bei Google Play\">\n<\/a>\n<a href=\"https:\/\/apps.apple.com\/de\/app\/papp-die-patientenapp\/id1450857947\" target=\"_blank\" class=\"u-mobile-ios-hide\" data-gtm-trigger=\"landingpage-hero-store-link\" rel=\"noopener\">\n<img decoding=\"async\" src=\"http:\/\/www.wi.rwth-aachen.de\/blogs\/papp\/wp-content\/uploads\/sites\/13\/2023\/03\/Download_on_the_App_Store_Badge_DE_RGB_blk_092917.png\" alt=\"Laden im Apple App Store\">\n<\/a>\n<\/div>\n\n<p><\/p><p>Weitere Informationen zu&nbsp;<b>PApp &#8211; Die Patientenapp<\/b>&nbsp;und deren Funktionsumfang finden Sie&nbsp;<a href=\"http:\/\/www.meinmedikationsplan.de\/\" target=\"_blank\" rel=\"noopener\"><u>hier<\/u><\/a>.<\/p>\n","protected":false},"excerpt":{"rendered":"<p>PApp &#8211; Die Patientenapp Seit Inkrafttreten des eHealth-Gesetzes Anfang 2016 haben Versicherte, die gleichzeitig mindestens drei verordnete Arzneimittel anwenden, Anspruch auf Erstellung und Aush\u00e4ndigung eines Medikationsplans in Papierform durch einen &#8230;<\/p>\n","protected":false},"author":27,"featured_media":0,"parent":0,"menu_order":0,"comment_status":"closed","ping_status":"closed","template":"","meta":{"inline_featured_image":false,"footnotes":""},"class_list":["post-152","page","type-page","status-publish","hentry"],"_links":{"self":[{"href":"https:\/\/www.wi.rwth-aachen.de\/blogs\/learningcommunity\/wp-json\/wp\/v2\/pages\/152","targetHints":{"allow":["GET"]}}],"collection":[{"href":"https:\/\/www.wi.rwth-aachen.de\/blogs\/learningcommunity\/wp-json\/wp\/v2\/pages"}],"about":[{"href":"https:\/\/www.wi.rwth-aachen.de\/blogs\/learningcommunity\/wp-json\/wp\/v2\/types\/page"}],"author":[{"embeddable":true,"href":"https:\/\/www.wi.rwth-aachen.de\/blogs\/learningcommunity\/wp-json\/wp\/v2\/users\/27"}],"replies":[{"embeddable":true,"href":"https:\/\/www.wi.rwth-aachen.de\/blogs\/learningcommunity\/wp-json\/wp\/v2\/comments?post=152"}],"version-history":[{"count":35,"href":"https:\/\/www.wi.rwth-aachen.de\/blogs\/learningcommunity\/wp-json\/wp\/v2\/pages\/152\/revisions"}],"predecessor-version":[{"id":1118,"href":"https:\/\/www.wi.rwth-aachen.de\/blogs\/learningcommunity\/wp-json\/wp\/v2\/pages\/152\/revisions\/1118"}],"wp:attachment":[{"href":"https:\/\/www.wi.rwth-aachen.de\/blogs\/learningcommunity\/wp-json\/wp\/v2\/media?parent=152"}],"curies":[{"name":"wp","href":"https:\/\/api.w.org\/{rel}","templated":true}]}}